g(l) = -25*l + 57. Let o be g(-5). What is the greatest common divisor of 28 and o?
14
Suppose 0*b + 4*b - 8 = 0. Suppose -f - 4*a + 9 = 0, -b*f - 2*a + 12 = -0*f. Let g = f + 5. What is the highest common divisor of 90 and g?
10
Suppose -20*b + 783 = 9*b. Calculate the highest common divisor of 1107 and b.
27
Suppose -123*y + 414 = -120*y. Calculate the highest common divisor of y and 184.
46
Let d(u) = u**2 - 24*u + 12. Let p be d(28). What is the highest common factor of 4 and p?
4
Let w = 922 - 646. Calculate the highest common divisor of w and 24.
12
Suppose 7*g = 1260 - 420. Calculate the greatest common factor of g and 75.
15
Suppose -6*j + 10*j = 2*a - 104, 0 = 3*j. What is the highest common factor of 390 and a?
26
Suppose -10 = -c - 3*k, -4*c + 0*c + 24 = -4*k. Let o(u) = u**2 - u + 2. Let p be o(3). Let l = p - c. What is the highest common divisor of 3 and l?
1
Suppose 5*x = r + 2403, -3*r - 1027 - 1382 = -5*x. What is the highest common divisor of x and 15?
15
Let m be (-10)/(-55) + 196/11. Let h = -15 + m. Suppose -h*t - 4 + 40 = 0. What is the highest common divisor of 6 and t?
6
Suppose 2*o + 2*a = 64, 5*a - 2*a = o - 16. Suppose -x + 3*h = -o, 0 = 3*x - h + 3*h - 40. Calculate the greatest common factor of x and 48.
16
Let z be 20320/(-30)*330/(-40). What is the greatest common divisor of 44 and z?
44
Suppose m = 3*l - 4, 5*l = 3*m - 4*m + 20. Suppose -l*v - v = 0. Suppose 0 = -2*j + 96 - v. Calculate the greatest common divisor of 12 and j.
12
Suppose 5*x + 25 = -3*r, 2*r + 2*x + 10 = 3*r. Let k be 3/(-9)*(r - 27). Let t = k + -3. What is the highest common factor of 3 and t?
3
Let m be 9 - ((-436)/4 + -7). What is the greatest common factor of 1625 and m?
125
Suppose -50*u + 44*u = -576. What is the greatest common divisor of u and 12?
12
Suppose 2*d - 4*d = 4*r - 94, 5*r + 141 = 3*d. Suppose d = -6*w + 167. What is the greatest common divisor of w and 10?
10
Let w be (-1)/((-35)/2410) + 1/7. Let x = w - 64. Calculate the greatest common factor of 125 and x.
5
Let u(j) = j**3 - 67*j**2 - 136*j - 9. Let o be u(69). Calculate the greatest common factor of 15 and o.
3
Suppose 22*j + 12*j - 71808 = 0. What is the highest common factor of 96 and j?
96
Let a be 100/150 - (-25)/3. Let n be (7 - -41) + -1*(1 + 2). What is the greatest common factor of a and n?
9
Suppose 2*y - 333 = -7*y. Suppose 668 = 5*p - 102. Suppose 2*x + 2*t + 36 - 114 = 0, -4*x = 3*t - p. Calculate the greatest common divisor of x and y.
37
Let i(y) = 13*y**2 - 34*y - 15. Let m be i(6). Calculate the highest common factor of m and 1079.
83
Suppose 2*n = g + 1 - 20, -2*g + 3*n + 36 = 0. Let x = 46 - 40. Calculate the greatest common factor of x and g.
3
Suppose 20*w = 4880 + 4000. What is the greatest common divisor of 156 and w?
12
Suppose 3*k + 3*f + 9 = 0, -3*f - 16 = -4. Let n be k/2 - (-5)/(-10). Suppose n*y = 2*y - 70. Calculate the highest common factor of 7 and y.
7
Let b(g) = -g**3 - 4*g**2 - 2*g. Let w(c) = -c**3 - 5*c**2 - 2*c. Let p(k) = 4*b(k) - 3*w(k). Let v be p(-3). What is the greatest common factor of v and 32?
8
Let z(k) = 0 - 1 - 2 - 6*k - 1. Let v be z(-9). Let g be (-30)/9*30/(-4). Calculate the highest common factor of g and v.
25
Let f(q) = -q**2 + 11*q + 57. Let j be f(13). Calculate the highest common factor of 155 and j.
31
Let x(w) = w**2 + 4*w - 8. Let c be x(5). Let b = -32 + c. Calculate the highest common factor of 5 and b.
5
Let u be -1*1 + 7 + 58. Let c(j) = 17*j - 1. Let g be c(1). Calculate the greatest common divisor of g and u.
16
Let d be 2/(-4)*(-121 + 59). Calculate the greatest common factor of 403 and d.
31
Suppose -4*b + 84 = -0*s - s, -s + 48 = 2*b. Suppose 0*t = -4*t + 88. What is the greatest common factor of t and b?
22
Suppose -8*c + 2062 = 990. Calculate the greatest common factor of 2 and c.
2
Let b(r) = -3*r + 1. Let p be b(-3). Let u = 165 + -88. Let o = 13 + u. What is the greatest common factor of o and p?
10
Let t be (-1)/((27 - 33) + (7 - 2)). What is the highest common divisor of t and 73?
1
Suppose 114*f - 115*f - 1 = 0. Let y be (f - -11*15) + -4. What is the highest common factor of y and 32?
32
Let v(x) = x**2 - 24*x - 24. Let w be v(25). Let f be w*-5 - (-26 + -11). Calculate the greatest common factor of 48 and f.
16
Let y = 23 - 12. Suppose 0 = -m + 6*m - 15. Let j(k) = 4*k - 1. Let f be j(m). Calculate the greatest common factor of f and y.
11
Let w(x) = -x**3 - 7*x**2 - 8*x + 8. Let j be w(-5). Let f be 1*(j + (5 - 2)). What is the highest common factor of 7 and f?
1
Let d(v) = 28*v - 13. Let h be d(4). Calculate the greatest common divisor of h and 44.
11
Let q = 24 - -41. Suppose -4*l - q = -345. Let d(s) = 15*s**2 - 1. Let a be d(1). What is the highest common factor of l and a?
14
Let i be (-2 - -1) + -1 + 9 + -3. Calculate the greatest common factor of 172 and i.
4
Suppose 5*r = 61 - 51. Suppose 75 = -h + r*h + 4*v, -5*h + 318 = v. Calculate the greatest common factor of 42 and h.
21
Let y be (-9 + 15)*(-49)/(-2). What is the highest common factor of y and 245?
49
Suppose -5*z + 2*z - 2*q = -1269, -z - 4*q + 413 = 0. Calculate the highest common divisor of z and 17.
17
Suppose c - 15 = 6*c. Let d = c + 29. Calculate the highest common factor of d and 78.
26
Let c = 8 - -13. Let i be (28/5)/(-2*3/(-15)). Calculate the highest common factor of i and c.
7
Let r = 42 + -30. Let a(q) = 2*q - 2. Suppose h - 7 = -0*h. Let j be a(h). What is the greatest common factor of j and r?
12
Let r(x) = x**2 - 3*x. Let f be -7*(-3 - -3 - 1). Let p be r(f). What is the greatest common factor of p and 7?
7
Let k = 43 - 41. Let t be (9/k)/((-1)/(-24)). What is the highest common factor of 12 and t?
12
Let b(k) = 4*k**2 + 22*k - 4. Let u be b(-7). What is the greatest common divisor of 494 and u?
38
Suppose 0 = -r + 12*r - 55. Let b(q) be the second derivative of q**4/6 - q**3/2 - 6*q**2 + q. Let t be b(r). What is the greatest common factor of t and 253?
23
Let p = 6 - 1. Let u = p - 1. What is the greatest common factor of u and 44?
4
Let i(v) = 14*v + 112. Let g be i(-5). What is the greatest common factor of g and 70?
14
Let s = 88 - 80. Let u(k) = -2*k - 3*k - 4 - k + k**2. Let h be u(s). What is the highest common divisor of 3 and h?
3
Suppose -375 = 3*m - 1089. Calculate the greatest common divisor of m and 56.
14
Suppose 0*g + 849 = 5*f - 2*g, 3*g = -6. What is the greatest common divisor of 65 and f?
13
Suppose 24*u = 25*u - 290. What is the highest common divisor of 174 and u?
58
Suppose 26*f - 35*f + 5175 = 0. Calculate the greatest common factor of 25 and f.
25
Suppose 33*d + 4405 - 15955 = 0. What is the highest common divisor of 210 and d?
70
Let b(n) = -n**3 + n**2 + 9*n + 16. Let y be b(-4). What is the greatest common divisor of y and 96?
12
Let t(f) = -2*f + 17. Let n be t(7). Suppose 3 - 15 = -n*l. Calculate the highest common divisor of l and 28.
4
Let z(k) = k**2 - 13*k + 14. Let h be z(12). Suppose -h*g = -48 + 44. What is the greatest common factor of 3 and g?
1
Suppose -8 = 2*n + r - 28, 0 = -4*r - 8. Let q = -127 + 160. What is the highest common divisor of q and n?
11
Let a = 51 + -56. Let z = a + 47. Calculate the highest common factor of 105 and z.
21
Let l(g) = -g**3 - 3*g**2 + 13*g + 13. Let y(q) = q**2 + q - 1. Let n(f) = -l(f) + 4*y(f). Let z be n(-7). What is the highest common divisor of 23 and z?
23
Suppose -3080 = -5*n - 2*y, -2*n + 1232 = -2*y - 3*y. Calculate the greatest common factor of 56 and n.
56
Suppose 14*y = 9*y + 2860. Suppose -4*i + 3*j + j = -y, -3*i + 426 = -2*j. What is the highest common divisor of 28 and i?
28
Let g = 57 - 52. Suppose 29 + 21 = g*b. Suppose 4*m = 3*l - 87, 2*l - 13 - 34 = -m. What is the highest common divisor of l and b?
5
Let d = -231 + 255. Calculate the highest common factor of 384 and d.
24
Suppose 0 = -2*j - 4*k + 2, 0 = -j - 0*k + 3*k + 6. Let q be 0 - 3*2/(-3). What is the greatest common factor of q and j?
1
Let k = 59 + -33. Let h(d) = d**2 + 7*d - 5. Let v be (-4)/16 - (-43)/(-4). Let b be h(v). What is the greatest common divisor of k and b?
13
Let o be (-8 + 30)/(-2 - -3). What is the highest common factor of o and 3?
1
Suppose 22*c = 23*c - 55. Let m(n) = n**3 + 15*n**2 - 4*n - 5. Let v be m(-13). What is the highest common 